igit of r?
5
Suppose -89*n = -96*n + 6524. What is the tens digit of n?
3
Suppose 0 = -5*b - 10, -2*j = 2*j + 2*b + 12. What is the hundreds digit of j/10*-2*(-1 + 716)?
2
Let c be -3 + (5 - (139 + -1)). Let a = c + 395. What is the units digit of a?
9
Let b = 16 + -11. Suppose 4*a - m = -b, -4*m - m = 5*a. Let f(c) = -20*c + 1. What is the units digit of f(a)?
1
Let r be 2/5 - (-772)/20. Suppose 3*c + 3*k + 0*k = r, 3*k - 25 = -2*c. Suppose -160 = -6*f + c. What is the units digit of f?
9
What is the tens digit of 24*(-2)/(-8) + 3892?
9
Let s be (-140)/(-8) - 3/6. Suppose 13*g + 396 = s*g. What is the units digit of g?
9
Suppose 2*q + q = 15. Suppose -p + q*p - 408 = 0. Suppose -3*d + p = -18. What is the tens digit of d?
4
Let c be 1/(-3)*(2 + 19). Let t = -25 + c. Let m = -11 - t. What is the tens digit of m?
2
Let g(h) = -h**2 + 21*h - 14. Let i be g(-17). Let z = -456 - i. What is the tens digit of z?
0
Let l(x) = -3*x + 3. Let r(n) = 8*n - 8. Let a(h) = -14*l(h) - 5*r(h). Let g be a(9). What is the tens digit of 8/g - 54/(-4)?
1
Suppose 0 = 2*j - x - 2176, -j + x = 171 - 1261. What is the hundreds digit of j?
0
Let s = 3757 - 1732. What is the hundreds digit of s?
0
Suppose 0 = -5*t + 4*p + 2461, -11*t + 12*t - 5*p = 509. What is the tens digit of t?
8
Let o = -68 - -98. Suppose j - p + 4*p = o, -5*j + 3*p = -132. Suppose 6*y - 5*y - j = 0. What is the units digit of y?
7
What is the tens digit of 138368/47 - (1 + 0)?
4
Suppose -813 - 513 = -26*p. What is the tens digit of p?
5
Let h(k) = -2*k**2 + 74*k - 5. What is the units digit of h(7)?
5
Suppose 3*z + 5*o - 43 = 0, 2*z + 3*z + o - 35 = 0. Let g = -14 + z. Let y = 4 - g. What is the units digit of y?
2
Suppose -6*i - 59 = -71. Let b be 26/10 + (-4)/(-10). Suppose i*k + 50 = g, 4*k + 205 = 5*g + b*k. What is the units digit of g?
0
Let c = 80 + -42. Suppose -b + c = b. What is the units digit of b?
9
Let y(s) = -s - 3. Let k be y(-6). Suppose 7*x = -k*q + 2*x - 103, 4*q + 4*x + 140 = 0. What is the units digit of (q/(-45))/((-2)/(-5))?
2
Let d(c) = -7*c - 16. Let q be d(-21). Let p = q - 26. What is the units digit of p?
5
Suppose 72*n = y + 75*n - 3137, 2*y - 6258 = -2*n. What is the tens digit of y?
2
Let v(h) = 2*h**3 - 30*h**2 + 2*h - 3. What is the tens digit of v(21)?
3
Suppose -7*d + 1 = 57. Let b(c) = 4*c**2 + 17*c + 24. What is the hundreds digit of b(d)?
1
What is the units digit of 39/52 + 9890/8?
7
Let d(a) = -a**3 - 10*a**2 - 16*a - 31. Let i be d(-7). Let r = 161 - i. What is the tens digit of r?
2
Let f(n) be the first derivative of -n**4/4 + 2*n**3/3 + n**2 + n - 1. Suppose 130*u + 3 = 127*u. What is the units digit of f(u)?
2
Let n = 137 + -137. Suppose 2*q + 2*w = 520, -3 = -w - n*w. What is the units digit of q?
7
Suppose -5*v - 249 = 2*d + 209, 98 = -v - 2*d. Let g = 185 + v. What is the units digit of g?
5
Suppose -34*a + 31*a + 5610 = 0. What is the tens digit of a?
7
What is the thousands digit of (6 - 9 - -3205) + 11?
3
Let f(a) = -5*a**2 + 15*a - 8. Let o(h) = h**2 - h. Suppose n + 2 = -n. Let b(q) = n*f(q) - 6*o(q). What is the units digit of b(-9)?
8
Suppose 283*y = 279*y + 1488. What is the tens digit of y?
7
Let w = -246 - -304. What is the units digit of w?
8
Suppose -12*d + 11*d = -495. What is the units digit of d?
5
Let s(r) = -10*r**2 + 3*r**2 + 1 - 38*r**2. Let p be s(-1). What is the units digit of (-510)/(-22) + 8/p?
3
Let r = 122 - 120. Suppose 14*a + r*a - 3648 = 0. What is the units digit of a?
8
Suppose -2*q = -144 - 230. Let m = 133 - q. Let z = m - -83. What is the tens digit of z?
2
Let z be (6/(-9))/(4/60). Let f = z - -31. Let o = f - -5. What is the tens digit of o?
2
Suppose 5*t - 3*g - 10 = -5*g, -3*g = -t - 15. Let x(h) = h**3 - h + 42. Let u be x(t). What is the tens digit of 2/(-7) - (-1566)/u?
3
What is the tens digit of (-2)/(-14) - ((-38070)/70 - 10)?
5
Let w(o) = -o**3 + 1 - o**2 + 3*o + o - 5*o. Let u(x) = 2*x**3 - 10*x**2 + x - 2. Let j(y) = -u(y) - w(y). What is the units digit of j(11)?
1
Let x(q) be the third derivative of q**4/8 + 5*q**3/6 + 4*q**2. Let l(c) = c - 3. Let b be l(7). What is the tens digit of x(b)?
1
Let m = -3217 + 6328. What is the thousands digit of m?
3
Let t be (-3 - -40)*(-2)/(-2). Suppose 89 - t = 4*m. What is the units digit of m?
3
Suppose -2*j - 9 + 2 = c, 2*c + 8 = -2*j. Suppose 43 = 2*w + 49. What is the tens digit of (35 - 2) + w + j?
2
What is the hundreds digit of 14*(-1)/(-70) + (-2884)/(-5)?
5
Suppose -5*o + 0*d = -2*d - 5, -d - 1 = -o. Let u be (o + 3/(-9))*3. Suppose -u*z + 43 + 9 = 0. What is the tens digit of z?
2
Suppose -6*h + 2*h + 20 = -4*x, -h + 21 = -5*x. Suppose 0 = -5*l + 4*w + h, -6*l + 5*w = -l. What is the units digit of l?
1
Let j(q) = 14*q**2 + 7*q + 28. Suppose 4*a + 117 - 101 = 0. What is the hundreds digit of j(a)?
2
Let h(l) = -2*l**2 - 15*l - 4. Let p be h(-7). Suppose -5*c - 3*o = -446, -c - 2*o = p*o - 98. What is the tens digit of c?
8
Let f(c) = 2*c**3 - c + 88. Let i = -27 - -27. What is the units digit of f(i)?
8
Let v(t) = 6*t + 1. Suppose -l + 5 = 0, 5*s + 5*l = l + 45. Let u be v(s). Let n = u + 4. What is the units digit of n?
5
Suppose 2*o - 11 = 3*o. Let i(n) be the second derivative of -n**5/20 - 3*n**4/4 + 8*n**3/3 - 3*n**2/2 - 58*n - 4. What is the tens digit of i(o)?
6
Suppose 0 = -6*c - 1270 + 4894. What is the units digit of c?
4
Let j be (-48)/(-8)*(-1)/1. Let d(w) = -w**3 - 5*w**2 + 4*w - 7. Let a be d(j). Suppose -4*t = -a*t + 40. What is the units digit of t?
0
Suppose -2*l + 489 = 3*k + 73, 2*l - 416 = -k. Let u = l - 106. What is the units digit of u?
2
Let x = -2323 + 3362. What is the hundreds digit of x?
0
Let o(d) = 13*d. Let k = 0 - -8. What is the hundreds digit of o(k)?
1
Let y = 18 - 14. Suppose -18 = y*p + 14. What is the tens digit of (-1027)/(-65) + p/10?
1
Let z(c) be the second derivative of 2*c**2 - 25*c**3 - 25*c**3 + 48*c**3 - 10*c. What is the units digit of z(-6)?
6
Let x be (-1 + 4/8)*-4. Suppose -x*y + 1 = -5. Suppose 0 = -m + 3*m - y*s - 77, 0 = 4*m - 5*s - 153. What is the tens digit of m?
3
Let a(n) = n - 9. Let h be a(11). Suppose h*k + 3*j - 179 = -58, 57 = k - 2*j. What is the units digit of k?
9
What is the tens digit of (230 + -1)/((-3)/(-6))?
5
Suppose -5*d - 12 = 2*c, -2*c + 33 = -5*d + 5. Let q(s) = 18*s**2 + 2*s + 5. Let m be q(d). Suppose 0 = 12*w - 7*w - m. What is the tens digit of w?
5
Let j(a) = 4*a**2. Let o be j(-1). Suppose 4*m = -3*z + 292, -437 = -3*z + 3*m - 110. Suppose 0*k + o*k - z = 0. What is the tens digit of k?
2
Suppose -4 = 2*l, -4*k - 12*l + 5750 = -13*l. What is the units digit of k?
7
Let g = 5041 - 2945. What is the tens digit of g?
9
Let q(u) = -u - 2. Let j = 0 - 6. Let n be q(j). Suppose 0 = -2*z + n, 0 = -4*g + z + 4 + 118. What is the tens digit of g?
3
Suppose 3*v - n = -100, -2*v + 2*n - 47 = 25. Let i = v + 83. What is the units digit of i?
1
What is the units digit of 3/(21/(-4))*-7*136?
4
Let y = 56 + -123. Let z = y - -39. What is the tens digit of (-679)/z + 2/(-8)?
2
Suppose 2*k = -5*l - 2*k + 18, 4*l + 3*k - 14 = 0. What is the units digit of (-4)/(72/(-9)) + 167/l?
4
Suppose -3*n + 3 = 9. Let h be (-1)/1 - -5*17. What is the units digit of (n/(-4))/(6/h)?
7
Let v(s) = -s**3 + 24*s**2 - 14*s + 51. What is the tens digit of v(23)?
5
Let d(x) = -8*x**3 + x**2 - 2*x - 1. Let n be d(-1). What is the tens digit of 1*(-1)/5 - (-812)/n?
8
Suppose c + 3115 - 10 = l, -9321 = -3*l + c. What is the hundreds digit of l?
1
Let m = 92 + -94. What is the hundreds digit of ((-790)/(-5) - 1) + m?
1
Let y(g) = g**3 + 4*g**2 - 4*g + 4. Let a be y(-4). What is the units digit of -1 + (-1)/((-2)/a)?
9
Let t = 401 - 373. What is the units digit of t?
8
Let x(u) = -7*u + 4 - 11 + 5. What is the tens digit of x(-3)?
1
Let z(f) be the first derivative of -4*f**2 - 90*f - 16. What is the units digit of z(-29)?
2
What is the units digit of 1/(-13) - 2188/(-52)?
2
Let u be (20/5)/(4/(-18)). Let t be (u/(-45))/(1/35). Let h = t - -7. What is the tens digit of h?
2
Suppose -3*d + 33 = -4*d. Let t = d - -55. Let l = t - 0. What is the tens digit of l?
2
Let c be 4*1 - (4 + -2 + 0). What is the tens digit of (8 + c)/(6/15)?
2
Suppose 2*v = -3*d + 8, -2*v + 3*d - 4 = -24. Let t be ((-4)/(-2) - 7)*-1. What 